ist the prime factors of u.
5
Let r = 14 - 9. What are the prime factors of r?
5
Suppose 0*g = 2*g - 14. Suppose -2*v = -3*q + g + 1, -3*q + 11 = -5*v. What are the prime factors of 3 - (v + -11 - 2)?
17
Suppose -y = 3*y - 32. Let v(f) = 2*f - 1. What are the prime factors of v(y)?
3, 5
Let r = 367 + -61. What are the prime factors of r?
2, 3, 17
Let m(z) = 279*z - 5. What are the prime factors of m(1)?
2, 137
Let r(c) = -c**2 + 7*c. Let y be r(6). Let l(t) = t**3 - 7*t**2 + 8*t - 6. List the prime factors of l(y).
2, 3
Suppose 0*y - 236 = -4*y. What are the prime factors of y?
59
Suppose 0 = -4*m + 172 + 76. What are the prime factors of m?
2, 31
List the prime factors of 3 + (-2 + 43 - 2*2).
2, 5
Let x be 118/4 + 1/2. Suppose o = -3*r + 20, o + 4*r + r = x. What are the prime factors of o?
5
Suppose -4*k + 3 = s, -3 + 28 = -5*s. Let d(q) = 2*q. List the prime factors of d(k).
2
Suppose 3*j - 7*j = 12. List the prime factors of (0/(-3))/j + 26.
2, 13
Suppose -20 = -p + 2*d + 8, -4*p + 112 = 4*d. Let g(h) = h**2 - 6*h. Let t be g(6). Suppose t = -5*k + 3*x + p + 13, 4*x - 12 = 0. List the prime factors of k.
2, 5
Let u(l) = l - 7. Let s be u(8). Let a be 2/(2/13) + s. What are the prime factors of (-4)/a + 60/14?
2
List the prime factors of (4 - -13)*1 - 1.
2
Let y be (1/(-1))/((-2)/6). Let s = y - -2. Suppose -s*t + 60 = 2*r, -3*r = -0*r. List the prime factors of t.
2, 3
Suppose 26 = -5*y - 59. Suppose -3*r + 62 = -5*r. Let t = y - r. List the prime factors of t.
2, 7
Let q(v) = v**3 - 7*v**2 + 8*v - 2. List the prime factors of q(7).
2, 3
Let h(p) = -p**2 + p + 178. List the prime factors of h(0).
2, 89
Suppose -5*y - 3*i = -138, -133 = -y - 4*y + 2*i. What are the prime factors of y?
3
Suppose 0 = -5*t + 88 - 33. List the prime factors of t.
11
Let a(t) = 6*t**3 + t**2 - 2*t - 1. Let f be a(2). Suppose l + 39 = 5*m, -3*l + m = -0*m + f. Let c = l - -21. List the prime factors of c.
7
Let q(k) = -k - 5. Let f be q(-7). Suppose f*t - 3 = t. Suppose -t*l - 1 = -10. What are the prime factors of l?
3
Let u(j) = -12*j**3 + 7*j**2 + 11*j + 2. What are the prime factors of u(-2)?
2, 13
Let y = 132 - 59. List the prime factors of y.
73
Let h = 72 - 32. Suppose -h = -4*v - 0*v. What are the prime factors of v?
2, 5
Suppose 16*s = 8*s + 1200. List the prime factors of s.
2, 3, 5
Let d = 115 + -33. List the prime factors of d.
2, 41
Suppose 0 = -2*n + 3*n - 8. Suppose n*y + 10 = 3*y. What are the prime factors of 27/6 - 1/y?
5
Let y(p) = p**2 + p - 1. What are the prime factors of y(-3)?
5
Suppose 0 = -4*r + 8 + 4. Let x(a) = 2*a**3 - 3*a**2 + a - 1. What are the prime factors of x(r)?
29
What are the prime factors of 607/7 + (-57)/21 + 3?
3, 29
Let p = 7 - 4. Let c(b) = b**2 - b + 4. What are the prime factors of c(p)?
2, 5
Let m(o) = -2*o - 2. Let s be m(5). Let q be 3*3/(18/(-46)). Let l = s - q. List the prime factors of l.
11
What are the prime factors of (12/18)/((-2)/(-333))?
3, 37
Suppose 0 = -8*h - 30 + 1302. List the prime factors of h.
3, 53
Suppose -19 = -b - 0*b + 5*m, m = -3*b - 7. Let u = b - -8. List the prime factors of u.
7
Suppose y - 25 = 5*m, -3*m = -3*y + 10 + 17. Let q = m + 7. List the prime factors of q.
3
Suppose 2*o = 2*q + 72, 4*o - 142 = 6*q - 3*q. List the prime factors of o.
2, 17
Let k(c) be the second derivative of -11*c**3/6 - 9*c**2/2 - c. Let p be k(-6). List the prime factors of (p/(-6))/((-3)/6).
19
Suppose 5*o - 126 = -4*j, 6*o = -5*j + 3*o + 151. List the prime factors of j.
29
Let f = 122 - 36. List the prime factors of f.
2, 43
Suppose 0 = 4*p - 181 - 15. List the prime factors of p.
7
Let x = 37 - 8. What are the prime factors of x?
29
Let j be 22 + (3 - (-1 + 2)). Let g(p) = -p**2 - 7*p. Let o be g(-7). Suppose 2*f - 10 - j = o. What are the prime factors of f?
17
Let l(f) = 2*f**3 - 3*f**2 + 2*f - 1. What are the prime factors of l(3)?
2
Suppose 0 = l - 2*l + 3, -3*q = 2*l - 195. List the prime factors of q.
3, 7
Let o(s) = 2*s**2 - 6*s. Let l be o(4). Suppose -5*c - 5 = -l*q + 3*q, -26 = c + 4*q. What are the prime factors of 3*(c/(-9) + 0)?
2
Suppose -j - 4*l + 30 = 0, -2*j - 3*l = 21 - 71. Let g = j + -12. What are the prime factors of g?
2, 5
Let z(p) = p**2 - 3*p - 6. Let i be z(-4). Let t = i + -31. List the prime factors of (-112)/(-18) + 2/t.
2, 3
Suppose -4*n - 203 = -3*v, 5*v + n = 236 + 133. List the prime factors of v.
73
What are the prime factors of 100*(21/(-12))/(2 + -3)?
5, 7
Suppose 8*w + 897 = 21*w. What are the prime factors of w?
3, 23
Suppose 15*x = 6*x + 819. What are the prime factors of x?
7, 13
Let m be ((-4)/(-6))/((-2)/33). Let x = m + 23. What are the prime factors of x?
2, 3
Let m(n) = -4*n**3 + 2*n**2 - 2*n - 10. What are the prime factors of m(-4)?
2, 11, 13
Let v(g) = -g**3 + 2*g + 1. Suppose 0 = 2*i + 2*i - 16. Suppose n + 4*n + i*s - 10 = 0, -5*s + 21 = 2*n. What are the prime factors of v(n)?
5
Let h(v) = -v**3 - 2*v**2 + v + 3. Let g be h(-3). Let n = 4 + g. Let y = 27 - n. List the prime factors of y.
2, 7
Suppose -3*b + 520 = 2*b. List the prime factors of b.
2, 13
Let g(i) be the third derivative of -11*i**4/24 + i**2. Let z be g(-4). Suppose -42 = -4*r + 3*q, 5*r - 4*q = r + z. List the prime factors of r.
3
Let c = 45 - 11. Suppose -q = 5 - c. List the prime factors of q.
29
List the prime factors of 1 + 1 - ((-68 - -1) + 1).
2, 17
Suppose -4*m = -0*w + 5*w - 260, -3*m = 2*w - 195. Suppose -2*i - 3*i = -m. List the prime factors of i.
13
Let t(k) = -22*k**3 + 2*k**2 - 1. What are the prime factors of t(-1)?
23
Let k(a) be the first derivative of a**2 - 4*a + 1. Let j(f) = f**3 + 7*f**2 + 6*f + 3. Let u be j(-6). What are the prime factors of k(u)?
2
Suppose 11*k - 8*k = 138. What are the prime factors of k?
2, 23
Suppose 0 = 2*s + 19 - 7. Let r be s/4 + 104/16. Suppose 0*n - r*n + 70 = 0. What are the prime factors of n?
2, 7
Let l(r) = -r**2 - 7*r - 4. Let n be l(-6). Suppose x + 5*a = -22, 2*x = 2*a - a. Let u = n - x. What are the prime factors of u?
2
Let x = 15 - 14. Let a = x + 6. What are the prime factors of a?
7
Suppose 0 = 3*w + 6*n - n - 321, -w + 3*n = -107. What are the prime factors of w?
107
Let d = -9 + 9. Suppose 9 = 2*f - h, -h = -d*h + 1. Suppose -f - 28 = -4*u. What are the prime factors of u?
2
Suppose -3*l + 66 = 6. Let j = l + -14. What are the prime factors of j?
2, 3
Suppose 0 = 104*b - 100*b - 176. What are the prime factors of b?
2, 11
Suppose 0 = f + 3*f - 72. Suppose 4*x + 18 = w, 3*x - f - 7 = -w. What are the prime factors of w?
2, 11
Suppose -3*f - 2*f + 10 = 0. Suppose 4*v + f*b = -5 + 23, -2*v - 4*b + 6 = 0. Let i = v - -7. List the prime factors of i.
2, 3
Let m = 9 - 6. Suppose 0*w - 5 = u - m*w, 0 = 5*u + 3*w - 11. List the prime factors of 8 + (-2)/(-3 + u).
3
Let x = 16 - 7. Suppose 4*k = -k - 20. Let m = x + k. What are the prime factors of m?
5
Let i(n) = -n**3 - 8*n**2 - 9*n. Let z be 24/(-4) + (-2)/2. Let h be i(z). List the prime factors of 410/35 + 4/h.
2, 3
Suppose -5*i = -16 - 4. Suppose -65 = -3*p - 0*p - i*c, 5*c = 5*p - 120. List the prime factors of p.
23
Suppose b = 4*d + 6, 3*d + 9 = 3*b - 0*b. Suppose 100 = 2*q + b*q. Suppose 4*w + 5*r = 3*w + q, 4*r = 2*w + 6. What are the prime factors of w?
5
Suppose 12 = -0*n + 4*n. Suppose 2*j - n*j = -23. What are the prime factors of j?
23
Suppose -6 = -p + 2*p. What are the prime factors of p/(-12)*(28 + 2)?
3, 5
Let j(y) = -y**3 - 7*y**2 - 6*y. Let p be j(-6). Suppose 5*c = 2*r - 80, p*c = 2*r - 4*c - 80. What are the prime factors of r?
2, 5
Let o(z) be the third derivative of z**6/120 + z**5/20 - z**4/4 - z**3 - 2*z**2. Let f be o(-4). Suppose 0*j = -f*j + 8. What are the prime factors of j?
2
Suppose -v - v = -136. Suppose 3*t - 40 = 2*t + 5*y, -v = -2*t + 4*y. Suppose 7*m = 4*m + t. What are the prime factors of m?
2, 5
Let h(m) be the second derivative of m**4/12 + 2*m**2 - 4*m. List the prime factors of h(-6).
2, 5
Suppose 0 = 5*m - 104 - 211. Suppose 5*d - 35 = 4*z + 30, d = -3*z - m. Let f = -11 - z. List the prime factors of f.
3
Let l(t) = t**2 + 2*t + 2. Let r = -5 - -9. Let n be 2*(0 + 2 - r). List the prime factors of l(n).
2, 5
Let u(y) be the first derivative of y**6/360 + y**5/15 - y**4/8 - 2*y**3/3 - 3. Let c(x) be the third derivative of u(x). Wha